inder when 126703 is divided by 126334.
369
What is the remainder when 38717615 is divided by 417?
416
Calculate the remainder when 338281 is divided by 70.
41
What is the remainder when 442252 is divided by 935?
932
What is the remainder when 51481 is divided by 4632?
529
What is the remainder when 5457445 is divided by 126?
7
Calculate the remainder when 588919 is divided by 75.
19
Calculate the remainder when 375160 is divided by 97.
61
Calculate the remainder when 107596 is divided by 201.
61
What is the remainder when 174603244 is divided by 12471658?
32
Calculate the remainder when 35501614 is divided by 5.
4
What is the remainder when 1505623 is divided by 806?
15
What is the remainder when 10701024 is divided by 255?
204
Calculate the remainder when 5346212 is divided by 16865.
7
What is the remainder when 286553 is divided by 1268?
1253
What is the remainder when 573277 is divided by 5024?
541
What is the remainder when 602974 is divided by 3773?
3067
Calculate the remainder when 406629 is divided by 23.
12
What is the remainder when 90759188 is divided by 18151837?
3
What is the remainder when 2661599 is divided by 156564?
11
What is the remainder when 669271 is divided by 1160?
1111
What is the remainder when 85381 is divided by 812?
121
Calculate the remainder when 3235053 is divided by 9243.
3
What is the remainder when 1503132 is divided by 62630?
12
What is the remainder when 39307 is divided by 5615?
2
What is the remainder when 47077 is divided by 4346?
3617
What is the remainder when 138062279 is divided by 8121310?
9
Calculate the remainder when 574088 is divided by 4380.
308
What is the remainder when 2168973 is divided by 501?
144
Calculate the remainder when 106587082 is divided by 9916.
9914
What is the remainder when 85336162 is divided by 23?
21
Calculate the remainder when 58630 is divided by 5908.
5458
Calculate the remainder when 6279403 is divided by 23171.
62
What is the remainder when 1316796 is divided by 77447?
197
What is the remainder when 3778724 is divided by 92164?
0
What is the remainder when 7517497 is divided by 2916?
49
Calculate the remainder when 167312 is divided by 12820.
652
What is the remainder when 5497777 is divided by 46?
41
What is the remainder when 18951 is divided by 16?
7
Calculate the remainder when 4073109 is divided by 3737.
3516
What is the remainder when 9024646 is divided by 5154?
5146
What is the remainder when 805854 is divided by 109?
17
What is the remainder when 126496537 is divided by 172?
169
What is the remainder when 392873 is divided by 1126?
1025
Calculate the remainder when 839648 is divided by 1742.
4
What is the remainder when 8602 is divided by 224?
90
Calculate the remainder when 27901 is divided by 3472.
125
Calculate the remainder when 39192865 is divided by 63.
61
What is the remainder when 56075 is divided by 2001?
47
Calculate the remainder when 340272 is divided by 88.
64
What is the remainder when 320425 is divided by 320380?
45
What is the remainder when 51170959 is divided by 123?
7
Calculate the remainder when 734282 is divided by 279.
233
Calculate the remainder when 2403547 is divided by 38766.
55
Calculate the remainder when 203224 is divided by 2059.
1442
What is the remainder when 375918267 is divided by 2224?
2219
Calculate the remainder when 3251512 is divided by 203149.
1128
What is the remainder when 1252985 is divided by 139219?
14
Calculate the remainder when 2960026 is divided by 24.
10
Calculate the remainder when 3371278 is divided by 14469.
1
Calculate the remainder when 26412 is divided by 1067.
804
What is the remainder when 2818444 is divided by 72?
4
What is the remainder when 159602548 is divided by 50?
48
Calculate the remainder when 24972874 is divided by 192.
10
What is the remainder when 24971726 is divided by 985?
6
What is the remainder when 572027 is divided by 1919?
165
Calculate the remainder when 51547928 is divided by 70.
68
What is the remainder when 37978 is divided by 744?
34
What is the remainder when 143123853 is divided by 309?
306
Calculate the remainder when 1439244 is divided by 9857.
122
Calculate the remainder when 243191 is divided by 563.
538
Calculate the remainder when 39888542 is divided by 11957.
11947
Calculate the remainder when 34847 is divided by 5213.
3569
What is the remainder when 146464 is divided by 146328?
136
What is the remainder when 2978666 is divided by 3563?
3561
What is the remainder when 45746903 is divided by 6367?
8
Calculate the remainder when 321010 is divided by 56.
18
What is the remainder when 978737 is divided by 1027?
6
What is the remainder when 164510179 is divided by 1170?
1159
What is the remainder when 1451994 is divided by 42704?
58
What is the remainder when 2620725 is divided by 1460?
25
What is the remainder when 120733 is divided by 748?
305
Calculate the remainder when 6855059 is divided by 881.
879
What is the remainder when 410258 is divided by 205119?
20
What is the remainder when 210911 is divided by 1076?
15
What is the remainder when 75923 is divided by 25098?
629
Calculate the remainder when 1604467 is divided by 801380.
1707
What is the remainder when 511736 is divided by 170577?
5
Calculate the remainder when 407794 is divided by 407726.
68
Calculate the remainder when 239396 is divided by 47.
25
What is the remainder when 535359 is divided by 951?
897
Calculate the remainder when 15928916 is divided by 18.
14
Calculate the remainder when 2062748 is divided by 343782.
56
What is the remainder when 2558447 is divided by 348?
299
Calculate the remainder when 20117808 is divided by 5185.
8
Calculate the remainder when 100229 is divided by 1830.
1409
Calculate the remainder when 23553711 is divided by 14.
13
What is the remainder when 852711 is divided by 41?
34
Calculate the remainder when 3724894 is divided by 1355.
1354
Calculate the remainder when 11913041 is divided by 633.
614
Calculate the remainder when 36083039 is divided by 140.
139
Calculate the remainder when 62601 is divided by 1306.
1219
Calculate the remainder when 26363896 is divided by 142.
34
Calculate the remainder when 49661112 is divided by 79.
53
Calculate the remainder when 5531142 is divided by 2765497.
148
Calculate the remainder when 10760879 is divided by 5380243.
393
Calculate the remainder when 32908 is divided by 966.
64
Calculate the remainder when 514000 is divided by 143.
58
Calculate the remainder when 27237 is divided by 1069.
512
What is the remainder when 600102 is divided by 154?
118
What is the remainder when 27420 is divided by 3455?
3235
Calculate the remainder when 852758743 is divided by 15.
13
What is the remainder when 10592091 is divided by 1765347?
9
Calculate the remainder when 358602 is divided by 110.
2
Calculate the remainder when 222503 is divided by 1493.
46
Calculate the remainder when 124840 is divided by 41568.
136
Calculate the remainder when 11725913 is divided by 20252.
5
Calculate the remainder when 153595 is divided by 10964.
99
Calculate the remainder when 1973768 is divided by 1483.
1378
Calculate the remainder when 2145103 is divided by 2145090.
13
What is the remainder when 505281006 is divided by 203?
202
What is the remainder when 7902 is divided by 473?
334
Calculate the remainder when 7309719 is divided by 41.
34
Calculate the remainder when 552844 is divided by 175.
19
What is the remainder when 613303 is divided by 51090?
223
What is the remainder when 324465 is divided by 162223?
19
What is the remainder when 252963 is divided by 625?
463
Calculate the remainder when 5933652 is divided by 819.
816
Calculate the remainder when 771460 is divided by 557.
15
What is the remainder when 3401030 is divided by 11?
6
Calculate the remainder when 1836966 is divided by 2224.
2166
What is the remainder when 778456 is divided by 86?
70
What is the remainder when 167064 is divided by 10426?
248
What is the remainder when 33976055 is divided by 11325350?
5
What is the remainder when 6044265 is divided by 826?
423
What is the remainder when 1516279 is divided by 126323?
403
Calculate the remainder when 38261068 is divided by 30.
28
Calculate the remainder when 905987 is divided by 827.
422
What is the remainder when 664744 is divided by 33229?
164
What is t